{"id":28665,"date":"2026-03-31T02:38:09","date_gmt":"2026-03-31T02:38:09","guid":{"rendered":"https:\/\/ataantik05.com\/?post_type=product&#038;p=28665"},"modified":"2026-03-31T02:38:10","modified_gmt":"2026-03-31T02:38:10","slug":"orhan-gencebay-sarhosun-biri-plak","status":"publish","type":"product","link":"https:\/\/ataantik05.com\/index.php\/urun\/orhan-gencebay-sarhosun-biri-plak\/","title":{"rendered":"Orhan Gencebay &#8211; Sarho\u015fun Biri (Plak)"},"content":{"rendered":"<div class=\"teknikDetayItem format\">\n<div class=\"t1\">Format:\u00a0 Long Play (LP)<\/div>\n<\/div>\n<div class=\"teknikDetayItem devir-hizi\">\n<div class=\"t1\">Devir H\u0131z\u0131:\u00a0 33 Devir<\/div>\n<\/div>\n","protected":false},"excerpt":{"rendered":"<p><b>A Y\u00fcz\u00fc:<\/b><\/p>\n<div>\n<ol>\n<li>Sarho\u015fun Biri<\/li>\n<li>Ya\u015famak Bu De\u011fil<\/li>\n<li>Hatas\u0131z Kul Olmaz<\/li>\n<li>Kader Diye Diye<\/li>\n<li>Nerede<\/li>\n<\/ol>\n<\/div>\n<div><b>B Y\u00fcz\u00fc:<\/b><\/div>\n<div>\n<ol>\n<li>Seni Buldum Ya<\/li>\n<li>Kara\u00e7al\u0131<\/li>\n<li>Ba\u011fr\u0131mda Bir Ate\u015f<\/li>\n<li>Bunca Y\u0131l Habersiz<\/li>\n<li>Beni B\u00f6yle Sev<\/li>\n<\/ol>\n<\/div>\n","protected":false},"featured_media":28666,"comment_status":"open","ping_status":"closed","template":"","meta":[],"product_brand":[],"product_cat":[76,84],"product_tag":[],"class_list":{"0":"post-28665","1":"product","2":"type-product","3":"status-publish","4":"has-post-thumbnail","6":"product_cat-plaklar","7":"product_cat-turkce-yeni-baski","9":"first","10":"instock","11":"sale","12":"shipping-taxable","13":"purchasable","14":"product-type-simple"},"jetpack_sharing_enabled":true,"_links":{"self":[{"href":"https:\/\/ataantik05.com\/index.php\/wp-json\/wp\/v2\/product\/28665","targetHints":{"allow":["GET"]}}],"collection":[{"href":"https:\/\/ataantik05.com\/index.php\/wp-json\/wp\/v2\/product"}],"about":[{"href":"https:\/\/ataantik05.com\/index.php\/wp-json\/wp\/v2\/types\/product"}],"replies":[{"embeddable":true,"href":"https:\/\/ataantik05.com\/index.php\/wp-json\/wp\/v2\/comments?post=28665"}],"version-history":[{"count":1,"href":"https:\/\/ataantik05.com\/index.php\/wp-json\/wp\/v2\/product\/28665\/revisions"}],"predecessor-version":[{"id":28668,"href":"https:\/\/ataantik05.com\/index.php\/wp-json\/wp\/v2\/product\/28665\/revisions\/28668"}],"wp:featuredmedia":[{"embeddable":true,"href":"https:\/\/ataantik05.com\/index.php\/wp-json\/wp\/v2\/media\/28666"}],"wp:attachment":[{"href":"https:\/\/ataantik05.com\/index.php\/wp-json\/wp\/v2\/media?parent=28665"}],"wp:term":[{"taxonomy":"product_brand","embeddable":true,"href":"https:\/\/ataantik05.com\/index.php\/wp-json\/wp\/v2\/product_brand?post=28665"},{"taxonomy":"product_cat","embeddable":true,"href":"https:\/\/ataantik05.com\/index.php\/wp-json\/wp\/v2\/product_cat?post=28665"},{"taxonomy":"product_tag","embeddable":true,"href":"https:\/\/ataantik05.com\/index.php\/wp-json\/wp\/v2\/product_tag?post=28665"}],"curies":[{"name":"wp","href":"https:\/\/api.w.org\/{rel}","templated":true}]}}