{"id":28763,"date":"2026-04-01T00:39:25","date_gmt":"2026-04-01T00:39:25","guid":{"rendered":"https:\/\/ataantik05.com\/?post_type=product&#038;p=28763"},"modified":"2026-04-01T00:39:25","modified_gmt":"2026-04-01T00:39:25","slug":"derdiyoklar-ikilisi-disko-folk-plak","status":"publish","type":"product","link":"https:\/\/ataantik05.com\/index.php\/urun\/derdiyoklar-ikilisi-disko-folk-plak\/","title":{"rendered":"Derdiyoklar \u0130kilisi &#8211; Disko Folk (Plak)"},"content":{"rendered":"<div class=\"teknikDetayItem format\">\n<div class=\"t1\"><span dir=\"auto\">Bi\u00e7im: <\/span><span dir=\"auto\">Uzun \u00c7alma (LP)<\/span><\/div>\n<\/div>\n<div class=\"teknikDetayItem devir-hizi\">\n<div class=\"t1\"><span dir=\"auto\">Devir H\u0131z\u0131 <\/span><span dir=\"auto\">33 Devir<\/span><\/div>\n<\/div>\n","protected":false},"excerpt":{"rendered":"<p><span style=\"font-family: Tahoma;\"><span dir=\"auto\">A y\u00fcz\u00fc<\/span><\/span><\/p>\n<p><span style=\"font-family: Tahoma;\"><span dir=\"auto\">1. Yadoy<\/span><br \/>\n<span dir=\"auto\">2. Alman Mark\u0131<\/span><br \/>\n<span dir=\"auto\">3. Fethiyem<\/span><br \/>\n<span dir=\"auto\">4. Halay<\/span><br \/>\n<span dir=\"auto\">5. \u015eof\u00f6r Garda\u015f<\/span><\/span><\/p>\n<p>&nbsp;<\/p>\n<p><span style=\"font-family: Tahoma;\"><span dir=\"auto\">B Y\u00fcz\u00fc<\/span><\/span><\/p>\n<p><span style=\"font-family: Tahoma;\"><span dir=\"auto\">1. Eminem<\/span><br \/>\n<span dir=\"auto\">2. Ata S\u00f6zleri<\/span><br \/>\n<span dir=\"auto\">3. Dervi\u015f Emmi<\/span><br \/>\n<span dir=\"auto\">4. Karadeniz T\u00fcrk\u00fcs\u00fc<\/span><\/span><\/p>\n","protected":false},"featured_media":28764,"comment_status":"open","ping_status":"closed","template":"","meta":[],"product_brand":[],"product_cat":[76,84],"product_tag":[],"class_list":{"0":"post-28763","1":"product","2":"type-product","3":"status-publish","4":"has-post-thumbnail","6":"product_cat-plaklar","7":"product_cat-turkce-yeni-baski","9":"first","10":"instock","11":"sale","12":"shipping-taxable","13":"purchasable","14":"product-type-simple"},"jetpack_sharing_enabled":true,"_links":{"self":[{"href":"https:\/\/ataantik05.com\/index.php\/wp-json\/wp\/v2\/product\/28763","targetHints":{"allow":["GET"]}}],"collection":[{"href":"https:\/\/ataantik05.com\/index.php\/wp-json\/wp\/v2\/product"}],"about":[{"href":"https:\/\/ataantik05.com\/index.php\/wp-json\/wp\/v2\/types\/product"}],"replies":[{"embeddable":true,"href":"https:\/\/ataantik05.com\/index.php\/wp-json\/wp\/v2\/comments?post=28763"}],"version-history":[{"count":1,"href":"https:\/\/ataantik05.com\/index.php\/wp-json\/wp\/v2\/product\/28763\/revisions"}],"predecessor-version":[{"id":28766,"href":"https:\/\/ataantik05.com\/index.php\/wp-json\/wp\/v2\/product\/28763\/revisions\/28766"}],"wp:featuredmedia":[{"embeddable":true,"href":"https:\/\/ataantik05.com\/index.php\/wp-json\/wp\/v2\/media\/28764"}],"wp:attachment":[{"href":"https:\/\/ataantik05.com\/index.php\/wp-json\/wp\/v2\/media?parent=28763"}],"wp:term":[{"taxonomy":"product_brand","embeddable":true,"href":"https:\/\/ataantik05.com\/index.php\/wp-json\/wp\/v2\/product_brand?post=28763"},{"taxonomy":"product_cat","embeddable":true,"href":"https:\/\/ataantik05.com\/index.php\/wp-json\/wp\/v2\/product_cat?post=28763"},{"taxonomy":"product_tag","embeddable":true,"href":"https:\/\/ataantik05.com\/index.php\/wp-json\/wp\/v2\/product_tag?post=28763"}],"curies":[{"name":"wp","href":"https:\/\/api.w.org\/{rel}","templated":true}]}}