{"id":28979,"date":"2026-04-07T00:08:48","date_gmt":"2026-04-07T00:08:48","guid":{"rendered":"https:\/\/ataantik05.com\/?post_type=product&#038;p=28979"},"modified":"2026-04-07T00:08:49","modified_gmt":"2026-04-07T00:08:49","slug":"edip-akbayram-unutamadiklarim-plak","status":"publish","type":"product","link":"https:\/\/ataantik05.com\/index.php\/urun\/edip-akbayram-unutamadiklarim-plak\/","title":{"rendered":"Edip Akbayram &#8211; Unutamad\u0131klar\u0131m (Plak)"},"content":{"rendered":"<div class=\"teknikDetayItem format\">\n<div class=\"t1\">Format: Long Play (LP)<\/div>\n<\/div>\n<div class=\"teknikDetayItem devir-hizi\">\n<div class=\"t1\">Devir H\u0131z\u0131: 33 Devir<\/div>\n<\/div>\n","protected":false},"excerpt":{"rendered":"<div><b>A Y\u00fcz\u00fc :<\/b><\/div>\n<div>\n<ol>\n<li>\u0130nce \u0130nce Bir Kar Ya\u011far<\/li>\n<li>Garip<\/li>\n<li>Hasretinle Yand\u0131 G\u00f6nl\u00fcm<\/li>\n<li>Bo\u015fu Bo\u015funa<\/li>\n<li>Ald\u0131rma G\u00f6n\u00fcl<\/li>\n<\/ol>\n<\/div>\n<div><b>B Y\u00fcz\u00fc :<\/b><\/p>\n<ol>\n<li>Dumanl\u0131 Dumanl\u0131<\/li>\n<li>Nice Y\u0131llara<\/li>\n<li>\u00c7\u0131rak Aran\u0131yor<\/li>\n<li>Deniz Ustu K\u00f6p\u00fcr\u00fcr<\/li>\n<li>Gidenlerin T\u00fcrk\u00fcs\u00fc<\/li>\n<\/ol>\n<\/div>\n","protected":false},"featured_media":28980,"comment_status":"open","ping_status":"closed","template":"","meta":[],"product_brand":[],"product_cat":[76,84],"product_tag":[],"class_list":{"0":"post-28979","1":"product","2":"type-product","3":"status-publish","4":"has-post-thumbnail","6":"product_cat-plaklar","7":"product_cat-turkce-yeni-baski","9":"first","10":"instock","11":"sale","12":"shipping-taxable","13":"purchasable","14":"product-type-simple"},"jetpack_sharing_enabled":true,"_links":{"self":[{"href":"https:\/\/ataantik05.com\/index.php\/wp-json\/wp\/v2\/product\/28979","targetHints":{"allow":["GET"]}}],"collection":[{"href":"https:\/\/ataantik05.com\/index.php\/wp-json\/wp\/v2\/product"}],"about":[{"href":"https:\/\/ataantik05.com\/index.php\/wp-json\/wp\/v2\/types\/product"}],"replies":[{"embeddable":true,"href":"https:\/\/ataantik05.com\/index.php\/wp-json\/wp\/v2\/comments?post=28979"}],"version-history":[{"count":1,"href":"https:\/\/ataantik05.com\/index.php\/wp-json\/wp\/v2\/product\/28979\/revisions"}],"predecessor-version":[{"id":28982,"href":"https:\/\/ataantik05.com\/index.php\/wp-json\/wp\/v2\/product\/28979\/revisions\/28982"}],"wp:featuredmedia":[{"embeddable":true,"href":"https:\/\/ataantik05.com\/index.php\/wp-json\/wp\/v2\/media\/28980"}],"wp:attachment":[{"href":"https:\/\/ataantik05.com\/index.php\/wp-json\/wp\/v2\/media?parent=28979"}],"wp:term":[{"taxonomy":"product_brand","embeddable":true,"href":"https:\/\/ataantik05.com\/index.php\/wp-json\/wp\/v2\/product_brand?post=28979"},{"taxonomy":"product_cat","embeddable":true,"href":"https:\/\/ataantik05.com\/index.php\/wp-json\/wp\/v2\/product_cat?post=28979"},{"taxonomy":"product_tag","embeddable":true,"href":"https:\/\/ataantik05.com\/index.php\/wp-json\/wp\/v2\/product_tag?post=28979"}],"curies":[{"name":"wp","href":"https:\/\/api.w.org\/{rel}","templated":true}]}}