{"id":29406,"date":"2026-04-27T20:22:41","date_gmt":"2026-04-27T20:22:41","guid":{"rendered":"https:\/\/ataantik05.com\/?post_type=product&#038;p=29406"},"modified":"2026-04-27T20:22:41","modified_gmt":"2026-04-27T20:22:41","slug":"muslum-gurses-gitme-ozel-tasarimli-ic-zarf-plak","status":"publish","type":"product","link":"https:\/\/ataantik05.com\/index.php\/urun\/muslum-gurses-gitme-ozel-tasarimli-ic-zarf-plak\/","title":{"rendered":"M\u00fcsl\u00fcm G\u00fcrses &#8211; Gitme +\u00d6zel tasar\u0131ml\u0131 i\u00e7 zarf (Plak)"},"content":{"rendered":"<p>Format: Long Play (LP)<\/p>\n<p>Devir H\u0131z\u0131: 33 Devir<\/p>\n","protected":false},"excerpt":{"rendered":"<h3><strong>M\u00fcsl\u00fcm G\u00fcrses &#8211; Gitme (Plak)<\/strong><\/h3>\n<p>&nbsp;<\/p>\n<p><strong>A Y\u00fcz\u00fc:<\/strong><\/p>\n<ol>\n<li>Haberimiz Yok<br \/>\nS\u00f6z: Halit \u00c7eliko\u011flu\u00a0 \u00a0 M\u00fczik: Yavuz Taner<\/li>\n<li>\n<h4>Hakk\u0131n\u0131 Helal Eyle<br \/>\nS\u00f6z: Ali Tekint\u00fcre\u00a0 \u00a0 M\u00fczik: Yavuz Taner<\/h4>\n<\/li>\n<li>Gitme<br \/>\nS\u00f6z: Ali Tekint\u00fcre\u00a0 \u00a0 M\u00fczik: Yavuz Taner<\/li>\n<li>D\u00fcnya<br \/>\nS\u00f6z: Ali Tekint\u00fcre\u00a0 \u00a0 M\u00fczik: Yavuz Taner<\/li>\n<li>\n<h4>Bir Mana Var S\u00f6zlerinde<br \/>\nS\u00f6z: Vural \u015eahin &#8211; Ali Tekint\u00fcre\u00a0 \u00a0 M\u00fczik: Yavuz Taner<\/h4>\n<\/li>\n<\/ol>\n<p>&nbsp;<\/p>\n<p><strong>B Y\u00fcz\u00fc:<\/strong><\/p>\n<ol>\n<li>\n<h4>Bir Kad\u0131n Tan\u0131d\u0131m<br \/>\nS\u00f6z: Halit \u00c7eliko\u011flu\u00a0 \u00a0M\u00fczik: Atilla Alpsakarya<\/h4>\n<\/li>\n<li>\n<h4>Can\u0131m Dediklerim<br \/>\nS\u00f6z: Ali Tekint\u00fcre\u00a0 \u00a0 M\u00fczik: Yavuz Taner<\/h4>\n<\/li>\n<li>\n<h4>Akl\u0131 Yok<br \/>\nS\u00f6z: Ali Tekint\u00fcre\u00a0 \u00a0 M\u00fczik: Yavuz Taner<\/h4>\n<\/li>\n<li>\n<h4>Damla Damla<br \/>\nS\u00f6z: Ali Tekint\u00fcre\u00a0 \u00a0 M\u00fczik: Yavuz Taner<\/h4>\n<\/li>\n<li>\n<h4>Silinmiyor Hat\u0131ralar<br \/>\nS\u00f6z ve M\u00fczik. R\u00fc\u015ft\u00fc Demirci<\/h4>\n<\/li>\n<\/ol>\n","protected":false},"featured_media":29407,"comment_status":"open","ping_status":"closed","template":"","meta":[],"product_brand":[],"product_cat":[76,84],"product_tag":[],"class_list":{"0":"post-29406","1":"product","2":"type-product","3":"status-publish","4":"has-post-thumbnail","6":"product_cat-plaklar","7":"product_cat-turkce-yeni-baski","9":"first","10":"instock","11":"shipping-taxable","12":"purchasable","13":"product-type-simple"},"jetpack_sharing_enabled":true,"_links":{"self":[{"href":"https:\/\/ataantik05.com\/index.php\/wp-json\/wp\/v2\/product\/29406","targetHints":{"allow":["GET"]}}],"collection":[{"href":"https:\/\/ataantik05.com\/index.php\/wp-json\/wp\/v2\/product"}],"about":[{"href":"https:\/\/ataantik05.com\/index.php\/wp-json\/wp\/v2\/types\/product"}],"replies":[{"embeddable":true,"href":"https:\/\/ataantik05.com\/index.php\/wp-json\/wp\/v2\/comments?post=29406"}],"version-history":[{"count":1,"href":"https:\/\/ataantik05.com\/index.php\/wp-json\/wp\/v2\/product\/29406\/revisions"}],"predecessor-version":[{"id":29409,"href":"https:\/\/ataantik05.com\/index.php\/wp-json\/wp\/v2\/product\/29406\/revisions\/29409"}],"wp:featuredmedia":[{"embeddable":true,"href":"https:\/\/ataantik05.com\/index.php\/wp-json\/wp\/v2\/media\/29407"}],"wp:attachment":[{"href":"https:\/\/ataantik05.com\/index.php\/wp-json\/wp\/v2\/media?parent=29406"}],"wp:term":[{"taxonomy":"product_brand","embeddable":true,"href":"https:\/\/ataantik05.com\/index.php\/wp-json\/wp\/v2\/product_brand?post=29406"},{"taxonomy":"product_cat","embeddable":true,"href":"https:\/\/ataantik05.com\/index.php\/wp-json\/wp\/v2\/product_cat?post=29406"},{"taxonomy":"product_tag","embeddable":true,"href":"https:\/\/ataantik05.com\/index.php\/wp-json\/wp\/v2\/product_tag?post=29406"}],"curies":[{"name":"wp","href":"https:\/\/api.w.org\/{rel}","templated":true}]}}

Müslüm Gürses &#8211; Gitme +Özel tasarımlı iç zarf (Plak)

<p>Format: Long Play (LP)</p>
<p>Devir Hızı: 33 Devir</p>

<h3><strong>Müslüm Gürses &#8211; Gitme (Plak)</strong></h3>
<p>&nbsp;</p>
<p><strong>A Yüzü:</strong></p>
<ol>
<li>Haberimiz Yok<br />
Söz: Halit Çelikoğlu    Müzik: Yavuz Taner</li>
<li>
<h4>Hakkını Helal Eyle<br />
Söz: Ali Tekintüre    Müzik: Yavuz Taner</h4>
</li>
<li>Gitme<br />
Söz: Ali Tekintüre    Müzik: Yavuz Taner</li>
<li>Dünya<br />
Söz: Ali Tekintüre    Müzik: Yavuz Taner</li>
<li>
<h4>Bir Mana Var Sözlerinde<br />
Söz: Vural Şahin &#8211; Ali Tekintüre    Müzik: Yavuz Taner</h4>
</li>
</ol>
<p>&nbsp;</p>
<p><strong>B Yüzü:</strong></p>
<ol>
<li>
<h4>Bir Kadın Tanıdım<br />
Söz: Halit Çelikoğlu   Müzik: Atilla Alpsakarya</h4>
</li>
<li>
<h4>Canım Dediklerim<br />
Söz: Ali Tekintüre    Müzik: Yavuz Taner</h4>
</li>
<li>
<h4>Aklı Yok<br />
Söz: Ali Tekintüre    Müzik: Yavuz Taner</h4>
</li>
<li>
<h4>Damla Damla<br />
Söz: Ali Tekintüre    Müzik: Yavuz Taner</h4>
</li>
<li>
<h4>Silinmiyor Hatıralar<br />
Söz ve Müzik. Rüştü Demirci</h4>
</li>
</ol>
