{"id":29492,"date":"2026-04-28T14:43:46","date_gmt":"2026-04-28T14:43:46","guid":{"rendered":"https:\/\/ataantik05.com\/?post_type=product&#038;p=29492"},"modified":"2026-04-28T14:43:46","modified_gmt":"2026-04-28T14:43:46","slug":"kamuran-akkor-diyemedim-plak","status":"publish","type":"product","link":"https:\/\/ataantik05.com\/index.php\/urun\/kamuran-akkor-diyemedim-plak\/","title":{"rendered":"Kamuran Akkor &#8211; Diyemedim (Plak)"},"content":{"rendered":"<p>Format: Long Play (LP)<\/p>\n<p>Devir H\u0131z\u0131: 33 Devir<\/p>\n","protected":false},"excerpt":{"rendered":"<p><strong>A Y\u00fcz\u00fc:<\/strong><\/p>\n<div>\n<ol>\n<li><strong>Bitmeyen \u00c7ile\u00a0\u00a0<\/strong><\/li>\n<li><strong>Kimbilir\u00a0\u00a0<\/strong><\/li>\n<li><strong>Durdurun D\u00fcnyay\u0131\u00a0\u00a0<\/strong><\/li>\n<li><strong>Diyemedim\u00a0\u00a0<\/strong><\/li>\n<li><strong>Biri A\u011flarken Biri G\u00fcler mi\u00a0\u00a0<\/strong><\/li>\n<\/ol>\n<\/div>\n<div>B Y\u00fcz\u00fc:<\/div>\n<div>\n<ol>\n<li><strong>Nisan Ya\u011fmuru\u00a0\u00a0<\/strong><\/li>\n<li><strong>Bu G\u00fcnler Ya\u015fanacak\u00a0\u00a0<\/strong><\/li>\n<li><strong>G\u00f6nl\u00fcmdeki Bu Yara\u00a0\u00a0<\/strong><\/li>\n<li><strong>Sende A\u015fktan Yanm\u0131\u015fs\u0131n\u00a0\u00a0<\/strong><\/li>\n<li><strong>G\u00f6zya\u015f\u0131mla Sele D\u00f6nersin\u00a0<\/strong><\/li>\n<\/ol>\n<\/div>\n","protected":false},"featured_media":29494,"comment_status":"open","ping_status":"closed","template":"","meta":[],"product_brand":[],"product_cat":[76,84],"product_tag":[],"class_list":{"0":"post-29492","1":"product","2":"type-product","3":"status-publish","4":"has-post-thumbnail","6":"product_cat-plaklar","7":"product_cat-turkce-yeni-baski","9":"first","10":"instock","11":"shipping-taxable","12":"purchasable","13":"product-type-simple"},"jetpack_sharing_enabled":true,"_links":{"self":[{"href":"https:\/\/ataantik05.com\/index.php\/wp-json\/wp\/v2\/product\/29492","targetHints":{"allow":["GET"]}}],"collection":[{"href":"https:\/\/ataantik05.com\/index.php\/wp-json\/wp\/v2\/product"}],"about":[{"href":"https:\/\/ataantik05.com\/index.php\/wp-json\/wp\/v2\/types\/product"}],"replies":[{"embeddable":true,"href":"https:\/\/ataantik05.com\/index.php\/wp-json\/wp\/v2\/comments?post=29492"}],"version-history":[{"count":1,"href":"https:\/\/ataantik05.com\/index.php\/wp-json\/wp\/v2\/product\/29492\/revisions"}],"predecessor-version":[{"id":29496,"href":"https:\/\/ataantik05.com\/index.php\/wp-json\/wp\/v2\/product\/29492\/revisions\/29496"}],"wp:featuredmedia":[{"embeddable":true,"href":"https:\/\/ataantik05.com\/index.php\/wp-json\/wp\/v2\/media\/29494"}],"wp:attachment":[{"href":"https:\/\/ataantik05.com\/index.php\/wp-json\/wp\/v2\/media?parent=29492"}],"wp:term":[{"taxonomy":"product_brand","embeddable":true,"href":"https:\/\/ataantik05.com\/index.php\/wp-json\/wp\/v2\/product_brand?post=29492"},{"taxonomy":"product_cat","embeddable":true,"href":"https:\/\/ataantik05.com\/index.php\/wp-json\/wp\/v2\/product_cat?post=29492"},{"taxonomy":"product_tag","embeddable":true,"href":"https:\/\/ataantik05.com\/index.php\/wp-json\/wp\/v2\/product_tag?post=29492"}],"curies":[{"name":"wp","href":"https:\/\/api.w.org\/{rel}","templated":true}]}}