{"id":29535,"date":"2026-04-28T18:58:35","date_gmt":"2026-04-28T18:58:35","guid":{"rendered":"https:\/\/ataantik05.com\/?post_type=product&#038;p=29535"},"modified":"2026-04-28T18:58:35","modified_gmt":"2026-04-28T18:58:35","slug":"cem-karaca-1-mayis-plak","status":"publish","type":"product","link":"https:\/\/ataantik05.com\/index.php\/urun\/cem-karaca-1-mayis-plak\/","title":{"rendered":"Cem Karaca &#8211; 1 May\u0131s (Plak)"},"content":{"rendered":"<p>Format: Long Play (LP)<\/p>\n<p>Devir H\u0131z\u0131: 33 Devir<\/p>\n","protected":false},"excerpt":{"rendered":"<div><b>A Y\u00fcz\u00fc:<\/b><\/div>\n<div><\/div>\n<div><\/div>\n<div><b>1 1 May\u0131s (\u0130\u015f\u00e7i Mar\u015f\u0131)<\/b><\/div>\n<div><b>2 Tamirci \u00c7\u0131ra\u011f\u0131<\/b><\/div>\n<div><b>3 Parka<\/b><\/div>\n<div><b>4 Kavga<\/b><\/div>\n<div><b>5 Nem Kald\u0131<\/b><\/div>\n<div><\/div>\n<div><\/div>\n<div><b>B Y\u00fcz\u00fc:<\/b><\/div>\n<div><\/div>\n<div><\/div>\n<div><b>1 Bu Son Olsun<\/b><\/div>\n<div><b>2 Naamus Belas\u0131<\/b><\/div>\n<div><b>3 \u00dcryan Geldim<\/b><\/div>\n<div><b>4 Mutlaka Yavrum<\/b><\/div>\n<div><b>5 Yoksulluk Kader Olamaz<\/b><\/div>\n","protected":false},"featured_media":29536,"comment_status":"open","ping_status":"closed","template":"","meta":[],"product_brand":[],"product_cat":[76,84],"product_tag":[],"class_list":{"0":"post-29535","1":"product","2":"type-product","3":"status-publish","4":"has-post-thumbnail","6":"product_cat-plaklar","7":"product_cat-turkce-yeni-baski","9":"first","10":"instock","11":"shipping-taxable","12":"purchasable","13":"product-type-simple"},"jetpack_sharing_enabled":true,"_links":{"self":[{"href":"https:\/\/ataantik05.com\/index.php\/wp-json\/wp\/v2\/product\/29535","targetHints":{"allow":["GET"]}}],"collection":[{"href":"https:\/\/ataantik05.com\/index.php\/wp-json\/wp\/v2\/product"}],"about":[{"href":"https:\/\/ataantik05.com\/index.php\/wp-json\/wp\/v2\/types\/product"}],"replies":[{"embeddable":true,"href":"https:\/\/ataantik05.com\/index.php\/wp-json\/wp\/v2\/comments?post=29535"}],"version-history":[{"count":1,"href":"https:\/\/ataantik05.com\/index.php\/wp-json\/wp\/v2\/product\/29535\/revisions"}],"predecessor-version":[{"id":29538,"href":"https:\/\/ataantik05.com\/index.php\/wp-json\/wp\/v2\/product\/29535\/revisions\/29538"}],"wp:featuredmedia":[{"embeddable":true,"href":"https:\/\/ataantik05.com\/index.php\/wp-json\/wp\/v2\/media\/29536"}],"wp:attachment":[{"href":"https:\/\/ataantik05.com\/index.php\/wp-json\/wp\/v2\/media?parent=29535"}],"wp:term":[{"taxonomy":"product_brand","embeddable":true,"href":"https:\/\/ataantik05.com\/index.php\/wp-json\/wp\/v2\/product_brand?post=29535"},{"taxonomy":"product_cat","embeddable":true,"href":"https:\/\/ataantik05.com\/index.php\/wp-json\/wp\/v2\/product_cat?post=29535"},{"taxonomy":"product_tag","embeddable":true,"href":"https:\/\/ataantik05.com\/index.php\/wp-json\/wp\/v2\/product_tag?post=29535"}],"curies":[{"name":"wp","href":"https:\/\/api.w.org\/{rel}","templated":true}]}}