{"id":29559,"date":"2026-04-28T20:54:02","date_gmt":"2026-04-28T20:54:02","guid":{"rendered":"https:\/\/ataantik05.com\/?post_type=product&#038;p=29559"},"modified":"2026-04-28T20:54:02","modified_gmt":"2026-04-28T20:54:02","slug":"ferdi-tayfur-zaman-tuneli-arsiv-1-plak","status":"publish","type":"product","link":"https:\/\/ataantik05.com\/index.php\/urun\/ferdi-tayfur-zaman-tuneli-arsiv-1-plak\/","title":{"rendered":"Ferdi Tayfur &#8211; Zaman T\u00fcneli Ar\u015fiv 1 (Plak)"},"content":{"rendered":"<p>Format: Long Play (LP)<\/p>\n<p>Devir H\u0131z\u0131: 33 Devir<\/p>\n","protected":false},"excerpt":{"rendered":"<p><span style=\"font-family: Tahoma;\">Plak A Y\u00fcz\u00fc:<\/span><\/p>\n<p>&nbsp;<\/p>\n<p><span style=\"font-family: Tahoma;\">1. \u00c7e\u015fme<br \/>\n2. Hapishane<br \/>\n3. Huzurum Kalmad\u0131<br \/>\n4. Batan G\u00fcne\u015f<br \/>\n5. Durdurun D\u00fcnyay\u0131<br \/>\n6. B\u0131rak \u015eu Gurbeti<\/span><\/p>\n<p>&nbsp;<\/p>\n<p>&nbsp;<\/p>\n<p><span style=\"font-family: Tahoma;\">Plak B Y\u00fcz\u00fc:<\/span><\/p>\n<p>&nbsp;<\/p>\n<p><span style=\"font-family: Tahoma;\">1. Benim Gibi Sevenler<br \/>\n2. Al\u0131\u015ft\u0131m<br \/>\n3. Merak Etme Sen<br \/>\n4. Nisan Ya\u011fmuru<br \/>\n5. Derbeder<br \/>\n6. Ben de \u00d6zledim<\/span><\/p>\n<p>&nbsp;<\/p>\n<p><span style=\"font-family: Tahoma;\">S\u00f6z ve M\u00fczikler: FERD\u0130 TAYFUR<\/span><\/p>\n","protected":false},"featured_media":29560,"comment_status":"open","ping_status":"closed","template":"","meta":[],"product_brand":[],"product_cat":[76,84],"product_tag":[],"class_list":{"0":"post-29559","1":"product","2":"type-product","3":"status-publish","4":"has-post-thumbnail","6":"product_cat-plaklar","7":"product_cat-turkce-yeni-baski","9":"first","10":"instock","11":"shipping-taxable","12":"purchasable","13":"product-type-simple"},"jetpack_sharing_enabled":true,"_links":{"self":[{"href":"https:\/\/ataantik05.com\/index.php\/wp-json\/wp\/v2\/product\/29559","targetHints":{"allow":["GET"]}}],"collection":[{"href":"https:\/\/ataantik05.com\/index.php\/wp-json\/wp\/v2\/product"}],"about":[{"href":"https:\/\/ataantik05.com\/index.php\/wp-json\/wp\/v2\/types\/product"}],"replies":[{"embeddable":true,"href":"https:\/\/ataantik05.com\/index.php\/wp-json\/wp\/v2\/comments?post=29559"}],"version-history":[{"count":1,"href":"https:\/\/ataantik05.com\/index.php\/wp-json\/wp\/v2\/product\/29559\/revisions"}],"predecessor-version":[{"id":29562,"href":"https:\/\/ataantik05.com\/index.php\/wp-json\/wp\/v2\/product\/29559\/revisions\/29562"}],"wp:featuredmedia":[{"embeddable":true,"href":"https:\/\/ataantik05.com\/index.php\/wp-json\/wp\/v2\/media\/29560"}],"wp:attachment":[{"href":"https:\/\/ataantik05.com\/index.php\/wp-json\/wp\/v2\/media?parent=29559"}],"wp:term":[{"taxonomy":"product_brand","embeddable":true,"href":"https:\/\/ataantik05.com\/index.php\/wp-json\/wp\/v2\/product_brand?post=29559"},{"taxonomy":"product_cat","embeddable":true,"href":"https:\/\/ataantik05.com\/index.php\/wp-json\/wp\/v2\/product_cat?post=29559"},{"taxonomy":"product_tag","embeddable":true,"href":"https:\/\/ataantik05.com\/index.php\/wp-json\/wp\/v2\/product_tag?post=29559"}],"curies":[{"name":"wp","href":"https:\/\/api.w.org\/{rel}","templated":true}]}}