{"id":29583,"date":"2026-04-28T21:49:27","date_gmt":"2026-04-28T21:49:27","guid":{"rendered":"https:\/\/ataantik05.com\/?post_type=product&#038;p=29583"},"modified":"2026-04-28T22:10:49","modified_gmt":"2026-04-28T22:10:49","slug":"yildiz-tilbe-delikanlim-plak","status":"publish","type":"product","link":"https:\/\/ataantik05.com\/index.php\/urun\/yildiz-tilbe-delikanlim-plak\/","title":{"rendered":"Y\u0131ld\u0131z Tilbe &#8211; Delikanl\u0131m (Plak)"},"content":{"rendered":"<p>Format: Long Play (LP)<\/p>\n<p>Devir H\u0131z\u0131: 33 Devir<\/p>\n","protected":false},"excerpt":{"rendered":"<div><strong>Y\u0131ld\u0131z Tilbe &#8211; Delikanl\u0131m LP (1000 Adet Numaral\u0131 \u00d6zel Bask\u0131)\u00a0<\/strong><\/div>\n<div><\/div>\n<div><strong>A Y\u00fcz\u00fc:<\/strong><\/div>\n<p>&nbsp;<\/p>\n<div><\/div>\n<div><strong>1 Delikanl\u0131m<\/strong><\/div>\n<div><strong>2 Sevdan\u0131n Tad\u0131<\/strong><\/div>\n<div><strong>3 Sana De\u011fer<\/strong><\/div>\n<div><strong>4 \u00c7izilmemi\u015f Resim<\/strong><\/div>\n<div><strong>5 \u00c7al Oyna<\/strong><\/div>\n<p>&nbsp;<\/p>\n<div><\/div>\n<div><strong>B Y\u00fcz\u00fc:<\/strong><\/div>\n<p>&nbsp;<\/p>\n<div><\/div>\n<div><strong>1 Ho\u015f\u00e7akal<\/strong><\/div>\n<div><strong>2 Sevemedim Ayr\u0131l\u0131\u011f\u0131<\/strong><\/div>\n<div><strong>3 Yaln\u0131z \u00c7i\u00e7ek<\/strong><\/div>\n<div><strong>4 Z\u00fcl\u00fcf<\/strong><\/div>\n<div><strong>5 Selam<\/strong><\/div>\n","protected":false},"featured_media":29584,"comment_status":"open","ping_status":"closed","template":"","meta":[],"product_brand":[],"product_cat":[76,84],"product_tag":[],"class_list":{"0":"post-29583","1":"product","2":"type-product","3":"status-publish","4":"has-post-thumbnail","6":"product_cat-plaklar","7":"product_cat-turkce-yeni-baski","9":"first","10":"instock","11":"shipping-taxable","12":"purchasable","13":"product-type-simple"},"jetpack_sharing_enabled":true,"_links":{"self":[{"href":"https:\/\/ataantik05.com\/index.php\/wp-json\/wp\/v2\/product\/29583","targetHints":{"allow":["GET"]}}],"collection":[{"href":"https:\/\/ataantik05.com\/index.php\/wp-json\/wp\/v2\/product"}],"about":[{"href":"https:\/\/ataantik05.com\/index.php\/wp-json\/wp\/v2\/types\/product"}],"replies":[{"embeddable":true,"href":"https:\/\/ataantik05.com\/index.php\/wp-json\/wp\/v2\/comments?post=29583"}],"version-history":[{"count":1,"href":"https:\/\/ataantik05.com\/index.php\/wp-json\/wp\/v2\/product\/29583\/revisions"}],"predecessor-version":[{"id":29586,"href":"https:\/\/ataantik05.com\/index.php\/wp-json\/wp\/v2\/product\/29583\/revisions\/29586"}],"wp:featuredmedia":[{"embeddable":true,"href":"https:\/\/ataantik05.com\/index.php\/wp-json\/wp\/v2\/media\/29584"}],"wp:attachment":[{"href":"https:\/\/ataantik05.com\/index.php\/wp-json\/wp\/v2\/media?parent=29583"}],"wp:term":[{"taxonomy":"product_brand","embeddable":true,"href":"https:\/\/ataantik05.com\/index.php\/wp-json\/wp\/v2\/product_brand?post=29583"},{"taxonomy":"product_cat","embeddable":true,"href":"https:\/\/ataantik05.com\/index.php\/wp-json\/wp\/v2\/product_cat?post=29583"},{"taxonomy":"product_tag","embeddable":true,"href":"https:\/\/ataantik05.com\/index.php\/wp-json\/wp\/v2\/product_tag?post=29583"}],"curies":[{"name":"wp","href":"https:\/\/api.w.org\/{rel}","templated":true}]}}