{"id":29602,"date":"2026-04-29T01:26:53","date_gmt":"2026-04-29T01:26:53","guid":{"rendered":"https:\/\/ataantik05.com\/?post_type=product&#038;p=29602"},"modified":"2026-04-29T01:26:54","modified_gmt":"2026-04-29T01:26:54","slug":"ibrahim-tatlises-benim-hayatim-plak","status":"publish","type":"product","link":"https:\/\/ataantik05.com\/index.php\/urun\/ibrahim-tatlises-benim-hayatim-plak\/","title":{"rendered":"\u0130brahim Tatl\u0131ses &#8211; Benim Hayat\u0131m (Plak)"},"content":{"rendered":"<p>Format: Long Play (LP)<\/p>\n<p>Devir H\u0131z\u0131: 33 Devir<\/p>\n","protected":false},"excerpt":{"rendered":"<p><strong>\u0130brahim Tatl\u0131ses &#8211; Benim Hayat\u0131m (Plak)<\/strong><br \/>\nA Y\u00fcz\u00fc:<br \/>\n1. Benim Hayat\u0131m<br \/>\n2. Yorgun<br \/>\n3. Ay\u015fem<br \/>\n4. Sevdaland\u0131m<br \/>\n5. Her Sevgide Bin Ah Ettim<br \/>\nB Y\u00fcz\u00fc:<br \/>\n<strong>1. Yarda Var<br \/>\n2. Ben Yetim<br \/>\n3. A\u011fam A\u011fam<br \/>\n4. Kara \u00dcz\u00fcm Habbesi<br \/>\n5. Tosuno<br \/>\n6. Dom Dom Kur\u015funu<\/strong><\/p>\n","protected":false},"featured_media":29603,"comment_status":"open","ping_status":"closed","template":"","meta":[],"product_brand":[],"product_cat":[76,84],"product_tag":[],"class_list":{"0":"post-29602","1":"product","2":"type-product","3":"status-publish","4":"has-post-thumbnail","6":"product_cat-plaklar","7":"product_cat-turkce-yeni-baski","9":"first","10":"instock","11":"shipping-taxable","12":"purchasable","13":"product-type-simple"},"jetpack_sharing_enabled":true,"_links":{"self":[{"href":"https:\/\/ataantik05.com\/index.php\/wp-json\/wp\/v2\/product\/29602","targetHints":{"allow":["GET"]}}],"collection":[{"href":"https:\/\/ataantik05.com\/index.php\/wp-json\/wp\/v2\/product"}],"about":[{"href":"https:\/\/ataantik05.com\/index.php\/wp-json\/wp\/v2\/types\/product"}],"replies":[{"embeddable":true,"href":"https:\/\/ataantik05.com\/index.php\/wp-json\/wp\/v2\/comments?post=29602"}],"version-history":[{"count":1,"href":"https:\/\/ataantik05.com\/index.php\/wp-json\/wp\/v2\/product\/29602\/revisions"}],"predecessor-version":[{"id":29605,"href":"https:\/\/ataantik05.com\/index.php\/wp-json\/wp\/v2\/product\/29602\/revisions\/29605"}],"wp:featuredmedia":[{"embeddable":true,"href":"https:\/\/ataantik05.com\/index.php\/wp-json\/wp\/v2\/media\/29603"}],"wp:attachment":[{"href":"https:\/\/ataantik05.com\/index.php\/wp-json\/wp\/v2\/media?parent=29602"}],"wp:term":[{"taxonomy":"product_brand","embeddable":true,"href":"https:\/\/ataantik05.com\/index.php\/wp-json\/wp\/v2\/product_brand?post=29602"},{"taxonomy":"product_cat","embeddable":true,"href":"https:\/\/ataantik05.com\/index.php\/wp-json\/wp\/v2\/product_cat?post=29602"},{"taxonomy":"product_tag","embeddable":true,"href":"https:\/\/ataantik05.com\/index.php\/wp-json\/wp\/v2\/product_tag?post=29602"}],"curies":[{"name":"wp","href":"https:\/\/api.w.org\/{rel}","templated":true}]}}