{"id":29639,"date":"2026-04-29T13:46:13","date_gmt":"2026-04-29T13:46:13","guid":{"rendered":"https:\/\/ataantik05.com\/?post_type=product&#038;p=29639"},"modified":"2026-04-29T13:46:13","modified_gmt":"2026-04-29T13:46:13","slug":"asik-ali-nursani-sen-sebep-oldun-plak","status":"publish","type":"product","link":"https:\/\/ataantik05.com\/index.php\/urun\/asik-ali-nursani-sen-sebep-oldun-plak\/","title":{"rendered":"A\u015f\u0131k Ali Nur\u015fani &#8211; Sen Sebep Oldun (Plak)"},"content":{"rendered":"<p>Format: Long Play (LP)<\/p>\n<p>Devir H\u0131z\u0131: 33 Devir<\/p>\n","protected":false},"excerpt":{"rendered":"<p><strong>A\u015f\u0131k Ali Nur\u015fani &#8211; Sen Sebep Oldun (Plak)<\/strong><br \/>\nA Y\u00fcz\u00fc:<br \/>\n1-Zamanm\u0131 h\u0131zland\u0131<br \/>\n2-Kalemin vicdana gelsin<br \/>\n3-Taram\u0131\u015f z\u00fclf\u00fcn\u00fc d\u00f6km\u00fc\u015f ka\u015f\u0131na<br \/>\n4-Bu senede bu diyara tak\u0131ld\u0131m<br \/>\n5-Seninle yolumuz ayr\u0131ld\u0131<br \/>\n6-E\u011fdirme ba\u015f\u0131n\u0131 bakmam y\u00fcz\u00fcne<br \/>\nB Y\u00fcz\u00fc:<br \/>\n&nbsp;<\/p>\n<p>1-Sen sebeb oldun<br \/>\n2-Benim bana sessizli\u011fim<br \/>\n3-Bende bilmem d\u00fc\u015fman\u0131m\u0131 dostumu<br \/>\n4-Bir daha \u00e7almam kap\u0131n\u0131<br \/>\n5-Belki bug\u00fcn belki yar\u0131n \u00f6l\u00fcr\u00fcm<br \/>\n6-Ne g\u00fczelsin g\u00fczelli\u011fin<\/p>\n","protected":false},"featured_media":29640,"comment_status":"open","ping_status":"closed","template":"","meta":[],"product_brand":[],"product_cat":[76,84],"product_tag":[],"class_list":{"0":"post-29639","1":"product","2":"type-product","3":"status-publish","4":"has-post-thumbnail","6":"product_cat-plaklar","7":"product_cat-turkce-yeni-baski","9":"first","10":"instock","11":"shipping-taxable","12":"purchasable","13":"product-type-simple"},"jetpack_sharing_enabled":true,"_links":{"self":[{"href":"https:\/\/ataantik05.com\/index.php\/wp-json\/wp\/v2\/product\/29639","targetHints":{"allow":["GET"]}}],"collection":[{"href":"https:\/\/ataantik05.com\/index.php\/wp-json\/wp\/v2\/product"}],"about":[{"href":"https:\/\/ataantik05.com\/index.php\/wp-json\/wp\/v2\/types\/product"}],"replies":[{"embeddable":true,"href":"https:\/\/ataantik05.com\/index.php\/wp-json\/wp\/v2\/comments?post=29639"}],"version-history":[{"count":1,"href":"https:\/\/ataantik05.com\/index.php\/wp-json\/wp\/v2\/product\/29639\/revisions"}],"predecessor-version":[{"id":29642,"href":"https:\/\/ataantik05.com\/index.php\/wp-json\/wp\/v2\/product\/29639\/revisions\/29642"}],"wp:featuredmedia":[{"embeddable":true,"href":"https:\/\/ataantik05.com\/index.php\/wp-json\/wp\/v2\/media\/29640"}],"wp:attachment":[{"href":"https:\/\/ataantik05.com\/index.php\/wp-json\/wp\/v2\/media?parent=29639"}],"wp:term":[{"taxonomy":"product_brand","embeddable":true,"href":"https:\/\/ataantik05.com\/index.php\/wp-json\/wp\/v2\/product_brand?post=29639"},{"taxonomy":"product_cat","embeddable":true,"href":"https:\/\/ataantik05.com\/index.php\/wp-json\/wp\/v2\/product_cat?post=29639"},{"taxonomy":"product_tag","embeddable":true,"href":"https:\/\/ataantik05.com\/index.php\/wp-json\/wp\/v2\/product_tag?post=29639"}],"curies":[{"name":"wp","href":"https:\/\/api.w.org\/{rel}","templated":true}]}}